65
Calculate the remainder when 1911214 is divided by 464.
462
Calculate the remainder when 256563 is divided by 85517.
12
What is the remainder when 994 is divided by 448?
98
What is the remainder when 3119 is divided by 141?
17
Calculate the remainder when 383680 is divided by 191825.
30
What is the remainder when 5970 is divided by 5970?
0
Calculate the remainder when 142870 is divided by 491.
480
Calculate the remainder when 15598 is divided by 52.
50
What is the remainder when 1239615 is divided by 112?
111
Calculate the remainder when 8949 is divided by 6.
3
Calculate the remainder when 1029 is divided by 194.
59
What is the remainder when 15213 is divided by 2486?
297
What is the remainder when 3813 is divided by 12?
9
What is the remainder when 1137 is divided by 259?
101
Calculate the remainder when 300 is divided by 38.
34
What is the remainder when 66896 is divided by 60?
56
What is the remainder when 142708 is divided by 355?
353
Calculate the remainder when 2447 is divided by 519.
371
Calculate the remainder when 150044 is divided by 67.
31
Calculate the remainder when 1072 is divided by 26.
6
What is the remainder when 10479 is divided by 873?
3
What is the remainder when 5481 is divided by 2557?
367
What is the remainder when 87755 is divided by 46?
33
What is the remainder when 60998 is divided by 3197?
255
What is the remainder when 141673 is divided by 460?
453
Calculate the remainder when 2596 is divided by 2316.
280
What is the remainder when 812 is divided by 806?
6
What is the remainder when 24344 is divided by 153?
17
What is the remainder when 9387343 is divided by 17?
11
What is the remainder when 10981 is divided by 44?
25
What is the remainder when 185103 is divided by 617?
3
Calculate the remainder when 24435 is divided by 8.
3
What is the remainder when 8198 is divided by 546?
8
What is the remainder when 3485 is divided by 448?
349
Calculate the remainder when 72293 is divided by 492.
461
Calculate the remainder when 633461 is divided by 54.
41
What is the remainder when 58886 is divided by 409?
399
What is the remainder when 19016 is divided by 28?
4
What is the remainder when 28860 is divided by 385?
370
What is the remainder when 4336 is divided by 4309?
27
Calculate the remainder when 8653 is divided by 794.
713
Calculate the remainder when 36422 is divided by 337.
26
What is the remainder when 61334 is divided by 34?
32
What is the remainder when 38468 is divided by 8?
4
What is the remainder when 2689 is divided by 73?
61
What is the remainder when 7678 is divided by 957?
22
Calculate the remainder when 79132 is divided by 100.
32
Calculate the remainder when 59574 is divided by 68.
6
Calculate the remainder when 662172 is divided by 3541.
5
What is the remainder when 6678 is divided by 1037?
456
What is the remainder when 12247 is divided by 5962?
323
Calculate the remainder when 5061 is divided by 1224.
165
Calculate the remainder when 8825 is divided by 59.
34
Calculate the remainder when 8346 is divided by 2782.
0
What is the remainder when 36224 is divided by 225?
224
What is the remainder when 13093 is divided by 305?
283
What is the remainder when 4741 is divided by 17?
15
Calculate the remainder when 96896 is divided by 51.
47
Calculate the remainder when 8896 is divided by 988.
4
Calculate the remainder when 158003 is divided by 12154.
1
Calculate the remainder when 3525 is divided by 726.
621
Calculate the remainder when 23354 is divided by 9.
8
What is the remainder when 20089 is divided by 75?
64
What is the remainder when 40785 is divided by 703?
11
Calculate the remainder when 118079 is divided by 20.
19
Calculate the remainder when 24228 is divided by 123.
120
What is the remainder when 2076 is divided by 101?
56
What is the remainder when 21233 is divided by 21192?
41
Calculate the remainder when 13580 is divided by 219.
2
What is the remainder when 1944 is divided by 544?
312
Calculate the remainder when 1035 is divided by 315.
90
What is the remainder when 9742 is divided by 617?
487
What is the remainder when 25496 is divided by 8496?
8
Calculate the remainder when 1988 is divided by 642.
62
Calculate the remainder when 232803 is divided by 21163.
10
What is the remainder when 1363897 is divided by 183?
181
What is the remainder when 94240 is divided by 113?
111
Calculate the remainder when 205 is divided by 59.
28
Calculate the remainder when 255775 is divided by 196.
191
What is the remainder when 133805 is divided by 133793?
12
Calculate the remainder when 13822 is divided by 13807.
15
What is the remainder when 16952 is divided by 10?
2
What is the remainder when 52712 is divided by 180?
152
What is the remainder when 105219 is divided by 563?
501
What is the remainder when 30284 is divided by 7569?
8
What is the remainder when 377 is divided by 71?
22
What is the remainder when 32952 is divided by 16401?
150
What is the remainder when 9109 is divided by 23?
1
What is the remainder when 24252 is divided by 139?
66
Calculate the remainder when 126744 is divided by 57.
33
What is the remainder when 11892 is divided by 11887?
5
Calculate the remainder when 58027 is divided by 558.
553
Calculate the remainder when 36332 is divided by 215.
212
Calculate the remainder when 1898 is divided by 1792.
106
Calculate the remainder when 314215 is divided by 80.
55
Calculate the remainder when 2508935 is divided by 35.
30
What is the remainder when 1167754 is divided by 37?
34
What is the remainder when 200984 is divided by 45?
14
Calculate the remainder when 6242 is divided by 779.
10
What is the remainder when 2317 is divided by 880?
557
Calculate the remainder when 59026 is divided by 832.
786
Calculate the remainder when 367 is divided by 115.
22
Calculate the remainder when 6590 is divided by 1332.
1262
What is the remainder when 41520 is divided by 93?
42
What is the remainder when 863052 is divided by 55?
47
Calculate the remainder when 313960 is divided by 187.
174
Calculate the remainder when 8559 is divided by 168.
159
Calculate the remainder when 50395 is divided by 122.
9
What is the remainder when 153743 is divided by 750?
743
Calculate the remainder when 55639 is divided by 10.
9
What is the remainder when 2119 is divided by 718?
683
What is the remainder when 2497819 is divided by 338?
337
Calculate the remainder when 513645 is divided by 164.
161
What is the remainder when 881 is divided by 57?
26
What is the remainder when 28953 is divided by 850?
53
What is the remainder when 1721323 is divided by 38?
37
What is the remainder when 2625 is divided by 768?
321
What is the remainder when 300959 is divided by 22?
21
What is the remainder when 14047 is divided by 7021?
5
Calculate the remainder when 3457 is divided by 245.
27
Calculate the remainder when 32626 is divided by 68.
54
Calculate the remainder when 33454 is divided by 3041.
3
Calculate the remainder when 376 is divided by 59.
22
What is the remainder when 31459 is divided by 10450?
109
Calculate the remainder when 64594 is divided by 143.
101
What is the remainder when 106863 is divided by 282?
267
Calculate the remainder when 969 is divided by 605.
364
Calculate the remainder when 3054944 is divided by 29.
26
What is the remainder when 47870 is divided by 53?
11
Calculate the remainder when 18672 is divided by 1172.
1092
Calculate the remainder when 24599 is divided by 12289.
21
Calculate the remainder when 181930 is divided by 6496.
42
What is the remainder when 55419 is divided by 20?
19
Calculate the remainder when 106215 is divided by 195.
135
Calculate the remainder when 20642 is divided by 248.
58
What is the remainder when 6883 is divided by 231?
184
Calculate the remainder when 8857 is divided by 148.
125
Calculate the remainder when 3764 is divided by 167.
90
Calculate the remainder when 5932 is divided by 2843.
246
What is the remainder when 8616 is divided by 2858?
42
Calculate the remainder when 2298522 is divided by 1425.
1422
What is the remainder when 1797 is divided by 598?
3
What is the remainder when 572 is divided by 34?
28
What is the remainder when 4438354 is divided by 1237?
1235
What is the remainder when 3763 is divided by 8?
3
Calculate the remainder when 9008 is divided by 9.
8
Calculate the re